e factors of 13/((-455)/(-56))*400.
2, 5
Let y(t) = -5 + 3*t - 3*t - 3*t + 4*t. Let o be y(10). Suppose 4*c + 82 = 3*i, 7 = -o*i - c + 136. What are the prime factors of i?
2, 13
What are the prime factors of (4/(-8))/(3/(-6408))?
2, 3, 89
Suppose -470 = -9*u - u. What are the prime factors of (u - 50) + (-1)/(2/(-454))?
2, 7
Let m(k) = -k**3 + 3*k**2 + 6*k - 6. Let z be m(4). Let l(n) = -n + n**2 + 4 - 2*n**3 - 7*n**z + 11*n**2 + 3*n**3. What are the prime factors of l(-4)?
2, 3
Suppose -1407 = -4*w + 633. List the prime factors of w.
2, 3, 5, 17
Suppose -3 = n - 2. Suppose 7*l + 83 + 407 = 0. What are the prime factors of n/5 + (-3934)/l?
2, 7
Let u(i) = i**2. Suppose 2*x - 5*g - 24 = 0, 3*x + 2*g - 2 = -4. List the prime factors of u(x).
2
Let f = 5959 - 3500. List the prime factors of f.
2459
Suppose 2311 = 2*s - 3*k, -k = -9 + 4. What are the prime factors of s?
1163
What are the prime factors of 2*(6 + 510 - -8)?
2, 131
Suppose -2*z - 4*i = -1178, -5*z + 0*i + 3*i = -2945. List the prime factors of z.
19, 31
Let r = 1141 - 366. What are the prime factors of r?
5, 31
Let j = 542 + -111. Let y = 634 - j. List the prime factors of y.
7, 29
What are the prime factors of (18/(-5))/(34/(-4590))?
2, 3
Let m(w) = 30*w**2 + 16*w - 6. What are the prime factors of m(-7)?
2, 13
Let b = 95 - -256. What are the prime factors of b?
3, 13
Suppose -260 = 10*f - 0*f. Let i = f - -130. List the prime factors of i.
2, 13
Let a(s) be the first derivative of 17*s**2 + 3*s - 7. What are the prime factors of a(1)?
37
Suppose -2*p + 269 = 59. Let a be p/14 + 3/(-6). Suppose -a = -2*i + 41. What are the prime factors of i?
2, 3
Let a = -5 - -5. Suppose a = 3*i + 2*i - 110. What are the prime factors of i?
2, 11
Let h = -2859 - -4470. List the prime factors of h.
3, 179
Let y = 307 - -108. What are the prime factors of y?
5, 83
Suppose c = 1, 4*j - 1773 = -c + 4*c. Suppose -3*i - 3*f + 444 = 0, -j = -3*i + 2*f - 6*f. What are the prime factors of i?
2, 37
Let m = -52 - -8. What are the prime factors of ((-1)/(-5))/(24/(-30))*m?
11
Let t(y) = 19*y + 9. Let c be t(-7). Suppose 7*l - 8 = 5*l. List the prime factors of (-1)/(l/c + 0).
31
What are the prime factors of 95/(-114) - (-12010)/12?
2, 5
Let k = 2 - 12. What are the prime factors of (30/50)/(2/k) + 75?
2, 3
List the prime factors of (-1396)/(-2443) + -1 + (-4469)/(-7).
2, 11, 29
Suppose 0 = -4*y + 5*z + 5072 + 4681, 0 = 6*y + z - 14587. What are the prime factors of y?
2, 19
Let i = 7693 - 5144. List the prime factors of i.
2549
Suppose 4*s - 3*s - w - 469 = 0, 0 = 3*w. What are the prime factors of s?
7, 67
Let v = 870 + -375. List the prime factors of v.
3, 5, 11
Suppose -969 = 47*y - 50*y. What are the prime factors of y?
17, 19
Let j be (64/(-10))/((-2)/(-20)). Let x = -1405 + 1307. Let l = j - x. List the prime factors of l.
2, 17
Suppose 0 = 3*g - 155 + 377. Let h = 125 + g. List the prime factors of h.
3, 17
Let u(j) = 2*j**2 - 5*j - 8. Let a be u(11). Suppose 0 = -r - 68 + a. List the prime factors of r.
3, 37
Let f = -10 - -16. Suppose -3*z - 12 - f = 0. Let q = 6 - z. What are the prime factors of q?
2, 3
Suppose 2*k + u - 1576 = 3*u, -3*k + 2378 = 4*u. List the prime factors of k.
2, 5, 79
Let l(t) = t - 14. Let h be l(17). Suppose x = -m - h*m + 18, 3*x - 70 = 4*m. What are the prime factors of x?
2, 11
Let z be (2/(-4))/(3/66). Let q = 11 + z. Suppose q = r - 5*r + 128. List the prime factors of r.
2
Suppose -24*k = 8*k - 60256. List the prime factors of k.
7, 269
Suppose -14 - 11 = -5*o. Suppose 3*w - o*w - 50 = 0. Let y = w - -42. What are the prime factors of y?
17
Suppose -t + 4*c = 9, 2*t - 5*c = -16 - 2. Let w(h) = -13*h + 7. Let x(g) = 7*g - 3. Let n(m) = t*x(m) - 4*w(m). What are the prime factors of n(-2)?
3, 7
Suppose -5*f + 22 = 7. Let k be ((-12)/(-9))/((-5 + 1)/(-12)). Suppose 159 = 4*w + y, -k*w + f*y = w - 220. What are the prime factors of w?
41
Let u = 401 - -307. What are the prime factors of u?
2, 3, 59
Let o(y) = -46*y**3 - y**2 + 6*y + 22. List the prime factors of o(-3).
1237
Let h(w) be the second derivative of w**4/6 - w**3/3 + 7*w**2/2 - 3*w. What are the prime factors of h(6)?
67
List the prime factors of (3 + 2606)/(-28 - -29).
2609
Suppose -7*b = -67 + 18. Suppose t + 3*u + b - 132 = 0, 570 = 5*t + 4*u. List the prime factors of t.
2, 5, 11
Suppose 3254 = 2*m + 4*z, -12*z - 4913 = -3*m - 10*z. What are the prime factors of m?
3, 5, 109
Let d = -4725 - -8739. What are the prime factors of d?
2, 3, 223
Let m(a) = a**3 - 27*a**2 + 31*a - 98. What are the prime factors of m(27)?
739
Let y(g) = 1 - 1 + 5 + g - 4. Let i be y(8). Suppose -j + i = -10. List the prime factors of j.
19
Let h = 213 - 193. List the prime factors of h.
2, 5
Let h = 155 - 379. Let s = h - -339. What are the prime factors of s?
5, 23
Let d = -19 + 13. List the prime factors of ((42/4)/(-7))/(d/136).
2, 17
Let d be 4*(-47)/(-2) - 2. Let i be d - 2*(-2)/(-4). Suppose 5*t = i + 9. What are the prime factors of t?
2, 5
Let q be (0 - -3)/(3/225). Suppose 5*r - q = 50. List the prime factors of r.
5, 11
Let u(p) = 232*p + 199. List the prime factors of u(11).
3, 7, 131
List the prime factors of (-15 + 2)/((-7)/42*3).
2, 13
Suppose 3*k - 2 = 4, -4*y - 4*k + 1800 = 0. List the prime factors of y.
2, 7
Let n(y) = -y**2 - 7*y. Suppose -40 = 6*r + 2*r. What are the prime factors of n(r)?
2, 5
Let f(d) = 2*d - 6. Let b be f(5). Suppose -2*t + b*t - 2640 = 0. List the prime factors of t/130 - 2/13.
2, 5
Let d(k) = -5. Let l(u) = u. Let s(j) = d(j) - 3*l(j). Suppose m + m + 8 = 0. List the prime factors of s(m).
7
Let c(n) = -n**3 - 5*n**2 + 2. Let t be c(-5). Let w = 193 + -128. What are the prime factors of 1/t - w/(-10)?
7
Suppose -63 = -5*o + 1237. Suppose 6*g - o = 70. What are the prime factors of g?
5, 11
Let c = -4 + -18. Let x = -84 - -117. Let p = c + x. What are the prime factors of p?
11
Suppose -5*p + p + 104 = 0. Let w be 18/3*p/(-4). Let d = -24 - w. List the prime factors of d.
3, 5
Let g = 15820 - 11139. List the prime factors of g.
31, 151
What are the prime factors of 3 - ((-20)/3)/((-38)/(-10089))?
3, 197
Suppose 4*g + 2032 = 2*m - 1304, m + 5*g - 1647 = 0. List the prime factors of m.
2, 3, 277
Let d = 17 + -10. Let k(l) = l**3 - 4*l**2 - 3*l + 2. What are the prime factors of k(d)?
2
Suppose 2*q + 4 = -4*l, -7*l + 2*l - 15 = 0. Suppose 11 = q*o - 9. What are the prime factors of 49/o + (-2)/(-10)?
2, 5
Let y(n) = 28*n**3 - 8*n**2 - 2*n + 42. List the prime factors of y(5).
2, 7, 17
Suppose q + 0*g + 5*g = -4, g - 16 = 4*q. Let f be (3/q)/(5/(-180)). What are the prime factors of f*(-4)/(-3) + -1?
5, 7
What are the prime factors of ((-2082)/10)/((-11 - -2)/45)?
3, 347
Suppose 5*u - 5597 = x, 5*x - 5612 = -5*u + x. List the prime factors of u.
2, 5, 7
Suppose 14*s = 17*s + 249. Let r = s + 182. List the prime factors of r.
3, 11
Suppose 0 = 2*o + 6, -3*n - 2*n = o - 2127. What are the prime factors of n?
2, 3, 71
Let f be (57/(-38))/(3/(-8)). Let b be (2 + 340/(-16))*f. Let g = -44 - b. List the prime factors of g.
3, 11
Let b be (-44)/(-55) + 29/(-5). Let o be (b - -3)/((-4)/(-96)). List the prime factors of o/(-32)*100/3.
2, 5
Let l(t) = 51*t**2 - 2*t - 3. Let q be l(3). List the prime factors of (q/35)/((-1)/(-7)).
2, 3, 5
Suppose -20 = 5*h, -3*z + 9 = -2*z - 3*h. Let x(i) = 6*i**2 + 2. Let r be x(z). Let k = r - 22. What are the prime factors of k?
2, 17
Let a be -1*(-72 + 2 - -2). Let x(v) = -3*v**2 - 7*v + 5. Let j be x(3). Let n = a + j. What are the prime factors of n?
5
Suppose 2*g - 2 = 2. What are the prime factors of (-4 - (-156)/8)*g?
31
Let q be 1*(16/12)/((-4)/6). What are the prime factors of (51/q)/(1/(-2))?
3, 17
Let n be 3 + (-69)/21 - 12254/(-14). Let g = -605 + n. List the prime factors of g.
2, 3, 5
Let n(i) = 35*i - 7. Let h be n(2). Suppose 0 = -4*d + h + 189. What are the prime factors of d?
3, 7
Suppose -7 - 3 = -5*q. Let v be -2 + 51*-1 + 2. List the prime factors of q*-6*v/12.
3, 17
Suppose 0 = 3*g + 5*y, -g + 2*y = -y. What are the prime factors of (g + 158)/((-1)/(2 - 3))?
2, 79
Let j = 272 - -424. List the prime factors of j.
2, 3, 29
Suppose -2*g + 4 - 42 = 0. Let p = g + 29. What are the prime factors of p?
2, 5
Let d(h) = -h + 9. Let k be d(-8). Let a = -